{"id":2756,"date":"2019-09-26T15:32:33","date_gmt":"2019-09-26T13:32:33","guid":{"rendered":"https:\/\/airtrock.ch\/fr\/wp-content\/uploads\/sites\/2\/2019\/09\/Schweizer-Trocknungsger\u00e4te-Ionisationsger\u00e4t-004.jpg"},"modified":"2019-09-27T05:30:55","modified_gmt":"2019-09-27T03:30:55","slug":"schweizer-trocknungsgeraete-ionisationsgeraet-004","status":"inherit","type":"attachment","link":"https:\/\/airtrock.ch\/fr\/appareils-de-sechage-suisses\/schweizer-trocknungsgeraete-ionisationsgeraet-004\/","title":{"rendered":"Appareils d&rsquo;ionisation"},"author":2,"featured_media":0,"comment_status":"open","ping_status":"closed","template":"","meta":[],"class_list":["post-2756","attachment","type-attachment","status-inherit","hentry"],"yoast_head":"<!-- This site is optimized with the Yoast SEO plugin v27.4 - https:\/\/yoast.com\/product\/yoast-seo-wordpress\/ -->\n<title>Appareils d&#039;ionisation - Hersche Airtrock GmbH<\/title>\n<meta name=\"robots\" content=\"index, follow, max-snippet:-1, max-image-preview:large, max-video-preview:-1\" \/>\n<link rel=\"canonical\" href=\"https:\/\/airtrock.ch\/fr\/wp-content\/uploads\/sites\/2\/2019\/09\/Schweizer-Trocknungsger\u00e4te-Ionisationsger\u00e4t-004.jpg\" \/>\n<meta property=\"og:locale\" content=\"fr_FR\" \/>\n<meta property=\"og:type\" content=\"article\" \/>\n<meta property=\"og:title\" content=\"Appareils d&#039;ionisation - Hersche Airtrock GmbH\" \/>\n<meta property=\"og:description\" content=\"Appareils d&rsquo;ionisation\" \/>\n<meta property=\"og:url\" content=\"https:\/\/airtrock.ch\/fr\/wp-content\/uploads\/sites\/2\/2019\/09\/Schweizer-Trocknungsger\u00e4te-Ionisationsger\u00e4t-004.jpg\" \/>\n<meta property=\"og:site_name\" content=\"Hersche Airtrock GmbH\" \/>\n<meta property=\"article:modified_time\" content=\"2019-09-27T03:30:55+00:00\" \/>\n<meta property=\"og:image\" content=\"https:\/\/airtrock.ch\/fr\/wp-content\/uploads\/sites\/2\/2019\/09\/Schweizer-Trocknungsger\u00e4te-Ionisationsger\u00e4t-004.jpg\" \/>\n\t<meta property=\"og:image:width\" content=\"823\" \/>\n\t<meta property=\"og:image:height\" content=\"616\" \/>\n\t<meta property=\"og:image:type\" content=\"image\/jpeg\" \/>\n<meta name=\"twitter:card\" content=\"summary_large_image\" \/>\n<script type=\"application\/ld+json\" class=\"yoast-schema-graph\">{\"@context\":\"https:\\\/\\\/schema.org\",\"@graph\":[{\"@type\":\"WebPage\",\"@id\":\"https:\\\/\\\/airtrock.ch\\\/fr\\\/wp-content\\\/uploads\\\/sites\\\/2\\\/2019\\\/09\\\/Schweizer-Trocknungsger\u00e4te-Ionisationsger\u00e4t-004.jpg\",\"url\":\"https:\\\/\\\/airtrock.ch\\\/fr\\\/wp-content\\\/uploads\\\/sites\\\/2\\\/2019\\\/09\\\/Schweizer-Trocknungsger\u00e4te-Ionisationsger\u00e4t-004.jpg\",\"name\":\"Appareils d'ionisation - Hersche Airtrock GmbH\",\"isPartOf\":{\"@id\":\"https:\\\/\\\/airtrock.ch\\\/fr\\\/#website\"},\"datePublished\":\"2019-09-26T13:32:33+00:00\",\"dateModified\":\"2019-09-27T03:30:55+00:00\",\"breadcrumb\":{\"@id\":\"https:\\\/\\\/airtrock.ch\\\/fr\\\/wp-content\\\/uploads\\\/sites\\\/2\\\/2019\\\/09\\\/Schweizer-Trocknungsger\u00e4te-Ionisationsger\u00e4t-004.jpg#breadcrumb\"},\"inLanguage\":\"fr-FR\",\"potentialAction\":[{\"@type\":\"ReadAction\",\"target\":[\"https:\\\/\\\/airtrock.ch\\\/fr\\\/wp-content\\\/uploads\\\/sites\\\/2\\\/2019\\\/09\\\/Schweizer-Trocknungsger\u00e4te-Ionisationsger\u00e4t-004.jpg\"]}]},{\"@type\":\"BreadcrumbList\",\"@id\":\"https:\\\/\\\/airtrock.ch\\\/fr\\\/wp-content\\\/uploads\\\/sites\\\/2\\\/2019\\\/09\\\/Schweizer-Trocknungsger\u00e4te-Ionisationsger\u00e4t-004.jpg#breadcrumb\",\"itemListElement\":[{\"@type\":\"ListItem\",\"position\":1,\"name\":\"Startseite\",\"item\":\"https:\\\/\\\/airtrock.ch\\\/fr\\\/\"},{\"@type\":\"ListItem\",\"position\":2,\"name\":\"Appareils de s\u00e9chage suisses\",\"item\":\"https:\\\/\\\/airtrock.ch\\\/fr\\\/appareils-de-sechage-suisses\\\/\"},{\"@type\":\"ListItem\",\"position\":3,\"name\":\"Appareils d&#8217;ionisation\"}]},{\"@type\":\"WebSite\",\"@id\":\"https:\\\/\\\/airtrock.ch\\\/fr\\\/#website\",\"url\":\"https:\\\/\\\/airtrock.ch\\\/fr\\\/\",\"name\":\"Hersche Airtrock GmbH\",\"description\":\"S\u00e8che-souliers et s\u00e8che-habits Suisse\",\"potentialAction\":[{\"@type\":\"SearchAction\",\"target\":{\"@type\":\"EntryPoint\",\"urlTemplate\":\"https:\\\/\\\/airtrock.ch\\\/fr\\\/?s={search_term_string}\"},\"query-input\":{\"@type\":\"PropertyValueSpecification\",\"valueRequired\":true,\"valueName\":\"search_term_string\"}}],\"inLanguage\":\"fr-FR\"}]}<\/script>\n<!-- \/ Yoast SEO plugin. -->","yoast_head_json":{"title":"Appareils d'ionisation - Hersche Airtrock GmbH","robots":{"index":"index","follow":"follow","max-snippet":"max-snippet:-1","max-image-preview":"max-image-preview:large","max-video-preview":"max-video-preview:-1"},"canonical":"https:\/\/airtrock.ch\/fr\/wp-content\/uploads\/sites\/2\/2019\/09\/Schweizer-Trocknungsger\u00e4te-Ionisationsger\u00e4t-004.jpg","og_locale":"fr_FR","og_type":"article","og_title":"Appareils d'ionisation - Hersche Airtrock GmbH","og_description":"Appareils d&rsquo;ionisation","og_url":"https:\/\/airtrock.ch\/fr\/wp-content\/uploads\/sites\/2\/2019\/09\/Schweizer-Trocknungsger\u00e4te-Ionisationsger\u00e4t-004.jpg","og_site_name":"Hersche Airtrock GmbH","article_modified_time":"2019-09-27T03:30:55+00:00","og_image":[{"width":823,"height":616,"url":"https:\/\/airtrock.ch\/fr\/wp-content\/uploads\/sites\/2\/2019\/09\/Schweizer-Trocknungsger\u00e4te-Ionisationsger\u00e4t-004.jpg","type":"image\/jpeg"}],"twitter_card":"summary_large_image","schema":{"@context":"https:\/\/schema.org","@graph":[{"@type":"WebPage","@id":"https:\/\/airtrock.ch\/fr\/wp-content\/uploads\/sites\/2\/2019\/09\/Schweizer-Trocknungsger\u00e4te-Ionisationsger\u00e4t-004.jpg","url":"https:\/\/airtrock.ch\/fr\/wp-content\/uploads\/sites\/2\/2019\/09\/Schweizer-Trocknungsger\u00e4te-Ionisationsger\u00e4t-004.jpg","name":"Appareils d'ionisation - Hersche Airtrock GmbH","isPartOf":{"@id":"https:\/\/airtrock.ch\/fr\/#website"},"datePublished":"2019-09-26T13:32:33+00:00","dateModified":"2019-09-27T03:30:55+00:00","breadcrumb":{"@id":"https:\/\/airtrock.ch\/fr\/wp-content\/uploads\/sites\/2\/2019\/09\/Schweizer-Trocknungsger\u00e4te-Ionisationsger\u00e4t-004.jpg#breadcrumb"},"inLanguage":"fr-FR","potentialAction":[{"@type":"ReadAction","target":["https:\/\/airtrock.ch\/fr\/wp-content\/uploads\/sites\/2\/2019\/09\/Schweizer-Trocknungsger\u00e4te-Ionisationsger\u00e4t-004.jpg"]}]},{"@type":"BreadcrumbList","@id":"https:\/\/airtrock.ch\/fr\/wp-content\/uploads\/sites\/2\/2019\/09\/Schweizer-Trocknungsger\u00e4te-Ionisationsger\u00e4t-004.jpg#breadcrumb","itemListElement":[{"@type":"ListItem","position":1,"name":"Startseite","item":"https:\/\/airtrock.ch\/fr\/"},{"@type":"ListItem","position":2,"name":"Appareils de s\u00e9chage suisses","item":"https:\/\/airtrock.ch\/fr\/appareils-de-sechage-suisses\/"},{"@type":"ListItem","position":3,"name":"Appareils d&#8217;ionisation"}]},{"@type":"WebSite","@id":"https:\/\/airtrock.ch\/fr\/#website","url":"https:\/\/airtrock.ch\/fr\/","name":"Hersche Airtrock GmbH","description":"S\u00e8che-souliers et s\u00e8che-habits Suisse","potentialAction":[{"@type":"SearchAction","target":{"@type":"EntryPoint","urlTemplate":"https:\/\/airtrock.ch\/fr\/?s={search_term_string}"},"query-input":{"@type":"PropertyValueSpecification","valueRequired":true,"valueName":"search_term_string"}}],"inLanguage":"fr-FR"}]}},"description":{"rendered":"<p class=\"attachment\"><a href='https:\/\/airtrock.ch\/fr\/wp-content\/uploads\/sites\/2\/2019\/09\/Schweizer-Trocknungsger\u00e4te-Ionisationsger\u00e4t-004.jpg'><img fetchpriority=\"high\" decoding=\"async\" width=\"300\" height=\"225\" src=\"https:\/\/airtrock.ch\/fr\/wp-content\/uploads\/sites\/2\/2019\/09\/Schweizer-Trocknungsger\u00e4te-Ionisationsger\u00e4t-004-300x225.jpg\" class=\"attachment-medium size-medium\" alt=\"Appareils d&#039;ionisation\" srcset=\"https:\/\/airtrock.ch\/fr\/wp-content\/uploads\/sites\/2\/2019\/09\/Schweizer-Trocknungsger\u00e4te-Ionisationsger\u00e4t-004-300x225.jpg 300w, https:\/\/airtrock.ch\/fr\/wp-content\/uploads\/sites\/2\/2019\/09\/Schweizer-Trocknungsger\u00e4te-Ionisationsger\u00e4t-004-768x575.jpg 768w, https:\/\/airtrock.ch\/fr\/wp-content\/uploads\/sites\/2\/2019\/09\/Schweizer-Trocknungsger\u00e4te-Ionisationsger\u00e4t-004-230x172.jpg 230w, https:\/\/airtrock.ch\/fr\/wp-content\/uploads\/sites\/2\/2019\/09\/Schweizer-Trocknungsger\u00e4te-Ionisationsger\u00e4t-004-350x262.jpg 350w, https:\/\/airtrock.ch\/fr\/wp-content\/uploads\/sites\/2\/2019\/09\/Schweizer-Trocknungsger\u00e4te-Ionisationsger\u00e4t-004-480x359.jpg 480w, https:\/\/airtrock.ch\/fr\/wp-content\/uploads\/sites\/2\/2019\/09\/Schweizer-Trocknungsger\u00e4te-Ionisationsger\u00e4t-004.jpg 823w\" sizes=\"(max-width: 300px) 100vw, 300px\" \/><\/a><\/p>\n<p>Appareils d&rsquo;ionisation<\/p>\n"},"caption":{"rendered":"<p>Appareils d&rsquo;ionisation<\/p>\n"},"alt_text":"Appareils d'ionisation","media_type":"image","mime_type":"image\/jpeg","media_details":{"width":823,"height":616,"file":"2019\/09\/Schweizer-Trocknungsger\u00e4te-Ionisationsger\u00e4t-004.jpg","sizes":{"thumbnail":{"file":"Schweizer-Trocknungsger\u00e4te-Ionisationsger\u00e4t-004-150x150.jpg","width":150,"height":150,"mime_type":"image\/jpeg","source_url":"https:\/\/airtrock.ch\/fr\/wp-content\/uploads\/sites\/2\/2019\/09\/Schweizer-Trocknungsger\u00e4te-Ionisationsger\u00e4t-004-150x150.jpg"},"medium":{"file":"Schweizer-Trocknungsger\u00e4te-Ionisationsger\u00e4t-004-300x225.jpg","width":300,"height":225,"mime_type":"image\/jpeg","source_url":"https:\/\/airtrock.ch\/fr\/wp-content\/uploads\/sites\/2\/2019\/09\/Schweizer-Trocknungsger\u00e4te-Ionisationsger\u00e4t-004-300x225.jpg"},"medium_large":{"file":"Schweizer-Trocknungsger\u00e4te-Ionisationsger\u00e4t-004-768x575.jpg","width":768,"height":575,"mime_type":"image\/jpeg","source_url":"https:\/\/airtrock.ch\/fr\/wp-content\/uploads\/sites\/2\/2019\/09\/Schweizer-Trocknungsger\u00e4te-Ionisationsger\u00e4t-004-768x575.jpg"},"sydney-medium-thumb":{"file":"Schweizer-Trocknungsger\u00e4te-Ionisationsger\u00e4t-004-550x400.jpg","width":550,"height":400,"mime_type":"image\/jpeg","source_url":"https:\/\/airtrock.ch\/fr\/wp-content\/uploads\/sites\/2\/2019\/09\/Schweizer-Trocknungsger\u00e4te-Ionisationsger\u00e4t-004-550x400.jpg"},"sydney-small-thumb":{"file":"Schweizer-Trocknungsger\u00e4te-Ionisationsger\u00e4t-004-230x172.jpg","width":230,"height":172,"mime_type":"image\/jpeg","source_url":"https:\/\/airtrock.ch\/fr\/wp-content\/uploads\/sites\/2\/2019\/09\/Schweizer-Trocknungsger\u00e4te-Ionisationsger\u00e4t-004-230x172.jpg"},"sydney-service-thumb":{"file":"Schweizer-Trocknungsger\u00e4te-Ionisationsger\u00e4t-004-350x262.jpg","width":350,"height":262,"mime_type":"image\/jpeg","source_url":"https:\/\/airtrock.ch\/fr\/wp-content\/uploads\/sites\/2\/2019\/09\/Schweizer-Trocknungsger\u00e4te-Ionisationsger\u00e4t-004-350x262.jpg"},"sydney-mas-thumb":{"file":"Schweizer-Trocknungsger\u00e4te-Ionisationsger\u00e4t-004-480x359.jpg","width":480,"height":359,"mime_type":"image\/jpeg","source_url":"https:\/\/airtrock.ch\/fr\/wp-content\/uploads\/sites\/2\/2019\/09\/Schweizer-Trocknungsger\u00e4te-Ionisationsger\u00e4t-004-480x359.jpg"},"full":{"file":"Schweizer-Trocknungsger\u00e4te-Ionisationsger\u00e4t-004.jpg","width":823,"height":616,"mime_type":"image\/jpeg","source_url":"https:\/\/airtrock.ch\/fr\/wp-content\/uploads\/sites\/2\/2019\/09\/Schweizer-Trocknungsger\u00e4te-Ionisationsger\u00e4t-004.jpg"}},"image_meta":{"aperture":"0","credit":"","camera":"","caption":"","created_timestamp":"0","copyright":"","focal_length":"0","iso":"0","shutter_speed":"0","title":"","orientation":"0","keywords":[]}},"post":2733,"source_url":"https:\/\/airtrock.ch\/fr\/wp-content\/uploads\/sites\/2\/2019\/09\/Schweizer-Trocknungsger\u00e4te-Ionisationsger\u00e4t-004.jpg","_links":{"self":[{"href":"https:\/\/airtrock.ch\/fr\/wp-json\/wp\/v2\/media\/2756","targetHints":{"allow":["GET"]}}],"collection":[{"href":"https:\/\/airtrock.ch\/fr\/wp-json\/wp\/v2\/media"}],"about":[{"href":"https:\/\/airtrock.ch\/fr\/wp-json\/wp\/v2\/types\/attachment"}],"author":[{"embeddable":true,"href":"https:\/\/airtrock.ch\/fr\/wp-json\/wp\/v2\/users\/2"}],"replies":[{"embeddable":true,"href":"https:\/\/airtrock.ch\/fr\/wp-json\/wp\/v2\/comments?post=2756"}],"wp:attached-to":[{"embeddable":true,"post_type":"page","id":2733,"href":"https:\/\/airtrock.ch\/fr\/wp-json\/wp\/v2\/pages\/2733"}],"curies":[{"name":"wp","href":"https:\/\/api.w.org\/{rel}","templated":true}]}}

https://airtrock.ch/fr/wp-content/uploads/sites/2/2019/09/Schweizer-Trocknungsgeräte-Ionisationsgerät-004.jpg

<!-- This site is optimized with the Yoast SEO plugin v27.4 - https://yoast.com/product/yoast-seo-wordpress/ -->
<title>Appareils d&#039;ionisation - Hersche Airtrock GmbH</title>
<meta name="robots" content="index, follow, max-snippet:-1, max-image-preview:large, max-video-preview:-1" />
<link rel="canonical" href="https://airtrock.ch/fr/wp-content/uploads/sites/2/2019/09/Schweizer-Trocknungsgeräte-Ionisationsgerät-004.jpg" />
<meta property="og:locale" content="fr_FR" />
<meta property="og:type" content="article" />
<meta property="og:title" content="Appareils d&#039;ionisation - Hersche Airtrock GmbH" />
<meta property="og:description" content="Appareils d&rsquo;ionisation" />
<meta property="og:url" content="https://airtrock.ch/fr/wp-content/uploads/sites/2/2019/09/Schweizer-Trocknungsgeräte-Ionisationsgerät-004.jpg" />
<meta property="og:site_name" content="Hersche Airtrock GmbH" />
<meta property="article:modified_time" content="2019-09-27T03:30:55+00:00" />
<meta property="og:image" content="https://airtrock.ch/fr/wp-content/uploads/sites/2/2019/09/Schweizer-Trocknungsgeräte-Ionisationsgerät-004.jpg" />
	<meta property="og:image:width" content="823" />
	<meta property="og:image:height" content="616" />
	<meta property="og:image:type" content="image/jpeg" />
<meta name="twitter:card" content="summary_large_image" />
<script type="application/ld+json" class="yoast-schema-graph">{"@context":"https:\/\/schema.org","@graph":[{"@type":"WebPage","@id":"https:\/\/airtrock.ch\/fr\/wp-content\/uploads\/sites\/2\/2019\/09\/Schweizer-Trocknungsgeräte-Ionisationsgerät-004.jpg","url":"https:\/\/airtrock.ch\/fr\/wp-content\/uploads\/sites\/2\/2019\/09\/Schweizer-Trocknungsgeräte-Ionisationsgerät-004.jpg","name":"Appareils d'ionisation - Hersche Airtrock GmbH","isPartOf":{"@id":"https:\/\/airtrock.ch\/fr\/#website"},"datePublished":"2019-09-26T13:32:33+00:00","dateModified":"2019-09-27T03:30:55+00:00","breadcrumb":{"@id":"https:\/\/airtrock.ch\/fr\/wp-content\/uploads\/sites\/2\/2019\/09\/Schweizer-Trocknungsgeräte-Ionisationsgerät-004.jpg#breadcrumb"},"inLanguage":"fr-FR","potentialAction":[{"@type":"ReadAction","target":["https:\/\/airtrock.ch\/fr\/wp-content\/uploads\/sites\/2\/2019\/09\/Schweizer-Trocknungsgeräte-Ionisationsgerät-004.jpg"]}]},{"@type":"BreadcrumbList","@id":"https:\/\/airtrock.ch\/fr\/wp-content\/uploads\/sites\/2\/2019\/09\/Schweizer-Trocknungsgeräte-Ionisationsgerät-004.jpg#breadcrumb","itemListElement":[{"@type":"ListItem","position":1,"name":"Startseite","item":"https:\/\/airtrock.ch\/fr\/"},{"@type":"ListItem","position":2,"name":"Appareils de séchage suisses","item":"https:\/\/airtrock.ch\/fr\/appareils-de-sechage-suisses\/"},{"@type":"ListItem","position":3,"name":"Appareils d&#8217;ionisation"}]},{"@type":"WebSite","@id":"https:\/\/airtrock.ch\/fr\/#website","url":"https:\/\/airtrock.ch\/fr\/","name":"Hersche Airtrock GmbH","description":"Sèche-souliers et sèche-habits Suisse","potentialAction":[{"@type":"SearchAction","target":{"@type":"EntryPoint","urlTemplate":"https:\/\/airtrock.ch\/fr\/?s={search_term_string}"},"query-input":{"@type":"PropertyValueSpecification","valueRequired":true,"valueName":"search_term_string"}}],"inLanguage":"fr-FR"}]}</script>
<!-- / Yoast SEO plugin. -->

https://airtrock.ch/fr/wp-content/uploads/sites/2/2019/09/Schweizer-Trocknungsgeräte-Ionisationsgerät-004.jpg#breadcrumb

Appareils de séchage suisses

Sèche-souliers et sèche-habits Suisse

<p class="attachment"><a href='https://airtrock.ch/fr/wp-content/uploads/sites/2/2019/09/Schweizer-Trocknungsgeräte-Ionisationsgerät-004.jpg'><img fetchpriority="high" decoding="async" width="300" height="225" src="https://airtrock.ch/fr/wp-content/uploads/sites/2/2019/09/Schweizer-Trocknungsgeräte-Ionisationsgerät-004-300x225.jpg" class="attachment-medium size-medium" alt="Appareils d&#039;ionisation" srcset="https://airtrock.ch/fr/wp-content/uploads/sites/2/2019/09/Schweizer-Trocknungsgeräte-Ionisationsgerät-004-300x225.jpg 300w, https://airtrock.ch/fr/wp-content/uploads/sites/2/2019/09/Schweizer-Trocknungsgeräte-Ionisationsgerät-004-768x575.jpg 768w, https://airtrock.ch/fr/wp-content/uploads/sites/2/2019/09/Schweizer-Trocknungsgeräte-Ionisationsgerät-004-230x172.jpg 230w, https://airtrock.ch/fr/wp-content/uploads/sites/2/2019/09/Schweizer-Trocknungsgeräte-Ionisationsgerät-004-350x262.jpg 350w, https://airtrock.ch/fr/wp-content/uploads/sites/2/2019/09/Schweizer-Trocknungsgeräte-Ionisationsgerät-004-480x359.jpg 480w, https://airtrock.ch/fr/wp-content/uploads/sites/2/2019/09/Schweizer-Trocknungsgeräte-Ionisationsgerät-004.jpg 823w" sizes="(max-width: 300px) 100vw, 300px" /></a></p>
<p>Appareils d&rsquo;ionisation</p>

2019/09/Schweizer-Trocknungsgeräte-Ionisationsgerät-004.jpg

Schweizer-Trocknungsgeräte-Ionisationsgerät-004-150x150.jpg

https://airtrock.ch/fr/wp-content/uploads/sites/2/2019/09/Schweizer-Trocknungsgeräte-Ionisationsgerät-004-150x150.jpg

Schweizer-Trocknungsgeräte-Ionisationsgerät-004-300x225.jpg

https://airtrock.ch/fr/wp-content/uploads/sites/2/2019/09/Schweizer-Trocknungsgeräte-Ionisationsgerät-004-300x225.jpg

Schweizer-Trocknungsgeräte-Ionisationsgerät-004-768x575.jpg

https://airtrock.ch/fr/wp-content/uploads/sites/2/2019/09/Schweizer-Trocknungsgeräte-Ionisationsgerät-004-768x575.jpg

Schweizer-Trocknungsgeräte-Ionisationsgerät-004-550x400.jpg

https://airtrock.ch/fr/wp-content/uploads/sites/2/2019/09/Schweizer-Trocknungsgeräte-Ionisationsgerät-004-550x400.jpg

Schweizer-Trocknungsgeräte-Ionisationsgerät-004-230x172.jpg

https://airtrock.ch/fr/wp-content/uploads/sites/2/2019/09/Schweizer-Trocknungsgeräte-Ionisationsgerät-004-230x172.jpg

Schweizer-Trocknungsgeräte-Ionisationsgerät-004-350x262.jpg

https://airtrock.ch/fr/wp-content/uploads/sites/2/2019/09/Schweizer-Trocknungsgeräte-Ionisationsgerät-004-350x262.jpg

Schweizer-Trocknungsgeräte-Ionisationsgerät-004-480x359.jpg

https://airtrock.ch/fr/wp-content/uploads/sites/2/2019/09/Schweizer-Trocknungsgeräte-Ionisationsgerät-004-480x359.jpg

Schweizer-Trocknungsgeräte-Ionisationsgerät-004.jpg
